 - -123. What are the prime factors of j?
2, 19
Let z(l) = -l**3 - l + 9. Suppose 0*q - 368 = -4*f + 4*q, 0 = -3*f + q + 286. Let u = -101 + f. List the prime factors of z(u).
7, 11
Suppose 13*x = 247831 + 187591. List the prime factors of x.
2, 16747
Let p(a) = a**2 - 5*a - 5. Suppose -42 = 2*y - 8*y. Let w be p(y). Suppose -632 = -w*x - 182. List the prime factors of x.
2, 5
Let m be (2 - 648 - 2) + -3 + 5. Let d = m + 2173. List the prime factors of d.
3, 509
Let i = 2220 - 930. What are the prime factors of i?
2, 3, 5, 43
Let g be (140/(-45))/(-14)*4338. Let s = 2858 - g. List the prime factors of s.
2, 947
List the prime factors of 121282/(2 - 15/(-10)).
2, 8663
Let j = 15864 + -15088. List the prime factors of j.
2, 97
Suppose -707*d = -719*d + 195036. What are the prime factors of d?
16253
Let k be ((-18)/21)/(-3) - 746/14. Let m = k - -58. Suppose -2*q - 3*i + 23 + 207 = 0, 597 = m*q + 2*i. What are the prime factors of q?
11
Let v(r) = 309*r - 43 - 22 - 341*r. List the prime factors of v(-18).
7, 73
Let d(g) be the first derivative of g**3/3 - 7*g**2 - 20*g - 171. Suppose 4*n - 19 - 49 = 0. List the prime factors of d(n).
31
Let w be (-1*(-64)/(-1))/1. Suppose 5*h = 2*s - 322, -48*s + 721 = -43*s - 2*h. Let a = s - w. What are the prime factors of a?
5, 41
Suppose -2*x + 6 = 0, 4*d = 4*x + x + 3889. Suppose 5*c = c, -4*m = 5*c - d. What are the prime factors of m?
2, 61
Let r(x) be the first derivative of 4*x**3/3 - 13*x**2 + 10*x + 96. List the prime factors of r(-9).
2, 71
Let s be 15 - -1 - ((-2)/(-1) + -5). Suppose 6*g - 269 - s = 0. List the prime factors of (18/g*12)/((-1)/(-2)).
3
Suppose -4*t = 2*i - 4230, -3*t + 2199 = i + 79. Suppose 13*b = i + 4707. List the prime factors of b.
2, 131
Let i(u) be the first derivative of -u**4/4 - 3*u**3 + 5*u**2/2 + 8*u - 4452. Suppose 0 = 4*k + 11 + 33. What are the prime factors of i(k)?
3, 5, 13
Suppose 5*f - 6*f + 2300 = s, -f - 2*s + 2299 = 0. What are the prime factors of f?
3, 13, 59
Suppose 275*d - 270*d + t - 169373 = 0, 3*t = 4*d - 135487. List the prime factors of d.
2, 16937
Suppose -4*l = 6*l - 220. Let u be (-473)/l*-9*2. Suppose 0*p + 3*n = -3*p + u, 2*p + n = 262. List the prime factors of p.
7, 19
What are the prime factors of 3 - (20 - 18083 - -2)?
2, 1129
Let t = 2179 - 1700. List the prime factors of t.
479
Let r = 8566 + -5168. What are the prime factors of r?
2, 1699
Let d = 2015 + -583. Suppose -d = -4*f + 2*s, -5*s + 2251 - 446 = 5*f. List the prime factors of f.
359
Suppose -9 = -8*g - 17. List the prime factors of (-2654*6/12)/g.
1327
List the prime factors of (-15463)/(-21)*(18 + -3).
5, 47
Let v(b) = 4*b**2 - 85*b + 14. Let o be v(21). Let z = -38 + 144. Let d = o + z. What are the prime factors of d?
3, 11
Suppose -4*d + 3*u - 171 = 764, -1163 = 5*d + 2*u. Let v = 547 + d. List the prime factors of v.
2, 157
What are the prime factors of (260 + -222)/(2/563)?
19, 563
Let u be 30*((-10)/(-6) - 1). Let x = 312 + -307. Let q = x + u. What are the prime factors of q?
5
Suppose -1598 = -u - 1594, -3*m + 2*u + 7681 = 0. List the prime factors of m.
11, 233
Let w be 3/(-9) - 12438/(-54). What are the prime factors of 2083/5 - (-92)/w?
3, 139
Suppose 0 = 13*v - 509 - 89. Suppose 13*w + 36762 = v*w. What are the prime factors of w?
2, 557
Let u = 31775 - 22543. What are the prime factors of u?
2, 577
Let d(j) = -136*j**3 + 3*j**2 + 3*j + 1. Let c be d(-1). Let o = c - 207. Let m = 126 + o. List the prime factors of m.
2, 7
Let a(d) = 639*d**3 + 3*d**2 - 4*d + 1. Let t = 883 - 882. List the prime factors of a(t).
3, 71
Let t(v) be the second derivative of -v**4/12 - 25*v**3/3 + 25*v**2/2 + 109*v + 1. What are the prime factors of t(-34)?
569
Suppose j = -4*k + 410 - 107, -3*k + 219 = -2*j. Suppose 89*z = k*z + 1960. List the prime factors of z.
2, 5, 7
Let b(g) = 57*g + 49. Let u be b(6). Let i = u - 175. What are the prime factors of i?
2, 3
Let n = -25 - -31. Let i(w) = -w**2 + 6*w + 1. Let h be i(n). What are the prime factors of (-1 + h + 6)/(63/924)?
2, 11
Let g be 3/((-120)/(-16) - 6). Suppose g*k = 2*j + 3*j + 168, -j = -k + 87. List the prime factors of k.
89
Let b be (-48)/8 + -2 + 252. Let x = 479 - b. List the prime factors of x.
5, 47
Suppose -q + 1014 + 591 = 0. Let a = 233 + q. What are the prime factors of a?
2, 919
Let l = 749 - -43. List the prime factors of l.
2, 3, 11
Suppose -556*g - 17192 = -560*g. List the prime factors of g.
2, 7, 307
Let x(r) = -r**2 + 6*r - 6. Let t be x(4). Suppose t*n + 15 - 19 = 0. Suppose -n*s + 149 + 29 = -4*f, -s + f = -89. What are the prime factors of s?
89
Suppose 27657 = 8*u + 2033. Suppose -21*q = -21682 - u. List the prime factors of q.
3, 5, 79
Let g = -309 - -602. Suppose -4*h + 4*n - 1244 = 0, 0 = -h - n - 18 - g. Let p = -205 - h. List the prime factors of p.
2, 53
Let m = 8103 + -3968. List the prime factors of m.
5, 827
Suppose 5*m - 5 = 5. Let x(a) = -12*a - 2*a**2 + 0 - 98*a**3 - 10*a + m + 23*a. What are the prime factors of x(-1)?
97
Let s be (0 + -3)*14/(-42). Let q(a) = 150*a**3 + 2*a - 1. Let n be q(s). Suppose 0 = 4*z - 7*z + 3, -n = -2*x + 5*z. What are the prime factors of x?
2, 3, 13
Suppose -480*d + 463*d + 96934 = 0. What are the prime factors of d?
2, 2851
Suppose 0 = -44*o + 115290 - 23814. Suppose 4*t = 2*s - o + 879, -4*s + t = -2372. List the prime factors of s.
2, 37
List the prime factors of (-1712440)/930*(-18)/8.
3, 1381
Let o(w) = -w**3 - 27*w**2 - 26*w + 5. Let h be o(-26). Suppose -s = h*n - 0*s - 1957, 4*s = -5*n + 1948. List the prime factors of n.
2, 7
List the prime factors of (-84 - -53665)/((-50)/(-16)) + (-6)/(-75).
2, 8573
Let q = -66 + 80. Suppose -q*u + 9*u = -15. Suppose 0 = r, -u*a + 4*r + 216 = -0*a. List the prime factors of a.
2, 3
Let s(x) = -14660*x + 2560. What are the prime factors of s(-3)?
2, 5, 13, 179
Suppose -68 = -o - 4*u, 10 + 204 = 3*o + 2*u. Let v = o + 452. List the prime factors of v.
2, 131
Let p = 5118 - 1718. List the prime factors of p.
2, 5, 17
Let i = 94 - 88. Let j be (-425)/(-100) + i/8. Suppose 0 = -j*d - g + 556, -2*d + 280 - 60 = g. List the prime factors of d.
2, 7
Suppose 4*t = -6*t - 430. Let c = 59 + t. What are the prime factors of c?
2
Suppose 41 - 14 = 9*l. Suppose l = -2*p + 9, 4*k + p - 4047 = 0. What are the prime factors of k?
3, 337
Let m(g) be the second derivative of 20*g**3 - g**2 - 93*g. Let o = 0 - -1. What are the prime factors of m(o)?
2, 59
Let h be (-17)/(-3) + 3 - 20/30. List the prime factors of (-2 + 4)*(h + 464 + 7).
2, 479
Let f(h) = -5*h**2 - 70 + 9*h**2 + 0*h - 5*h. List the prime factors of f(11).
359
Let b be 1/4 + (-208)/64 + 115. Let a = b + -112. Suppose -5*g - 4*m + 946 = a, 2*g = -0*g - 5*m + 392. What are the prime factors of g?
2, 3, 31
Let q(g) = 2*g**3 - 6*g**2 - 13*g + 31. Let y be (126/(-8))/((-42)/(-112)). Let h = y - -47. What are the prime factors of q(h)?
2, 3, 11
Suppose 3 = j - 0. Let i = j + -1. Suppose 3*t - h - 324 = 0, -216 = -i*t + 8*h - 3*h. List the prime factors of t.
2, 3
Let i(y) = y**2 + 8*y - 77. Let k be i(-17). Let u = -123 + 87. Let p = u + k. List the prime factors of p.
2, 5
Let a be 0 - -104 - (-13 + 15). Let x = a - 52. Suppose -21*o = -19*o - x. What are the prime factors of o?
5
Suppose 7 = -3*x + 43. Suppose -11*d = -7*d - x. Suppose y + d*y = 268. What are the prime factors of y?
67
Let s be (-3)/(4 - 177/45). Let x = s - -57. Let m = 32 - x. What are the prime factors of m?
2, 5
Let c(j) = -j**3 - 5*j**2 + 7*j. Let m be c(-6). Let h be m*(-1 - (-12)/9). What are the prime factors of (148 - h) + (-60)/12?
5, 29
Let z be 726/(-4) + (-6)/12. Let b(y) = -y - 21. Let o be b(-3). Let n = o - z. List the prime factors of n.
2, 41
Let u = 71 - 47. Suppose 0*q - u = -4*q. Let s(g) = g**3 - 2*g**2 - 8*g + 10. What are the prime factors of s(q)?
2, 53
Suppose 2*c - 5*c + 6 = 0. What are the prime factors of (-39 - -40)*(-1 + c + 108)?
109
Let k(o) = -410*o - 1419. List the prime factors of k(-18).
3, 1987
Let d(b) = -707*b + 95. Let u be d(-5). Suppose -3*l + u = 5*o + 2*l, -12 = -3*l. What are the prime factors of o?
2, 19
Suppose -2*p = 4*c - 28080, -3*p - 2*c = c - 42123. What are the prime factors of p?
2, 7, 17, 59
Suppose 0 = 3*v + 2*i - 2, -5 = v + 2*i - 3. Suppose 4*d + v*x - 